Let v = -9703 + 21314. Let c = v - 1158. Is c a prime number?
True
Let p = 31841 + 3152. Is p prime?
False
Let l be (2 + 622/6)/((-33)/(-99)). Let i = 9199 - l. Is i a prime number?
False
Let s = -1785 + 4390. Is s composite?
True
Let z(i) be the first derivative of -i**3/3 + i + 13. Let v be z(-1). Suppose -122 = -2*c - 0*c + 2*t, -t - 2 = v. Is c prime?
True
Let g(x) = -2*x**3 - 10*x**2 + 7*x - 7. Let r be g(-6). Let i = 25 - r. Suppose i*t - 906 = -0*t. Is t prime?
False
Is 418898/8 - 880/704 composite?
False
Let i = 379 + -377. Let r(z) = 41*z**3 + z**2 - z + 1. Is r(i) a prime number?
True
Suppose -20*t + 24 + 156 = 0. Suppose 14*k + 2373 = 2*b + t*k, 0 = -2*b - k + 2343. Is b prime?
False
Let m be (40/6)/(6*(-5)/(-405)). Let y = 93 - m. Suppose t = -2*c + 6*t + 958, -4*c + y*t + 1916 = 0. Is c a prime number?
True
Let b = -24 - -26. Suppose 4*h + 6 = -b*l, l - 5*l - 12 = 4*h. Is 964 - 1/(0 - l/(-3)) a composite number?
True
Let g = 15471 - 463. Suppose -r - g = -w, 0 = -r - 2 + 7. Is w prime?
True
Suppose -2*t = -9*t + 25130. Suppose 2*o - 695 + t = 5*x, 2*o - 1158 = -2*x. Suppose -6*f - x = -2169. Is f a prime number?
False
Let z = 92 - 90. Suppose -3*f + 42490 = 5*y, z*f = -y + 1439 + 7052. Is y a prime number?
True
Suppose -1247202 = -77*l + 878999. Is l composite?
True
Let v(d) be the third derivative of 41*d**7/2520 - d**5/120 - 11*d**4/24 + 29*d**2. Let b(u) be the second derivative of v(u). Is b(-2) a composite number?
False
Let c(r) = r**3 + 59*r**2 + 54*r + 77. Is c(-48) composite?
True
Suppose -44 + 19 = -5*t. Suppose t*a = -2*g + 5153, -3*g = -0*g + 5*a - 7732. Is g a prime number?
True
Let k = -177 + 172. Is (-751)/k*(-60)/(-12) a prime number?
True
Suppose 7*q = 2*q + 4*f + 111, -3*f - 12 = 0. Let r = 19 - q. Is (3 + 1 + r)*(-16173)/(-36) composite?
True
Is 36/(-1890)*-15 - (-32187345)/21 a composite number?
False
Let l(y) = 427*y**3 - 33*y**2 + 97*y + 10. Is l(3) prime?
False
Let x be (-5)/(-5) + (9 - 2). Let d(i) = -96*i - 6 + 5 + x + 908*i. Is d(2) a composite number?
True
Let n = -103240 - -218519. Is n a prime number?
True
Suppose -4*n = -5*w + 9447, -3*w - 5*n = w - 7533. Let v be (-5)/30*3*0/3. Suppose 4*c + 2*f - 1508 = -v*c, 5*c + 2*f - w = 0. Is c a prime number?
True
Let c be (1 + 0)/(24/(-1485768)). Let g = c - -91306. Is g a composite number?
False
Let d = 282 - 29. Suppose 3*y = 3*r - 2694, r + 2*y = 660 + d. Suppose -3*g = -0*g - r. Is g composite?
True
Suppose 6*b + 3 = 3*z + 3*b, -2*z + 4*b = -4. Suppose 5*a - 3*p = 2*p + 14175, z = -p - 2. Is a prime?
True
Suppose -p = -5, -4*p - 5464 + 21979 = 5*i. Is i prime?
True
Let a(n) = -157*n**2 + 9*n + 9. Let c(x) = -235*x**2 + 14*x + 14. Let h(q) = 7*a(q) - 5*c(q). Let g = -12 + 16. Is h(g) composite?
False
Suppose -4*v - 5*y - 21854 = 0, 4*y - 2876 = -3*v - 19267. Let w = 9558 + v. Is w a composite number?
True
Let z(u) = u**2 + 11*u. Let o be z(-12). Suppose 0 = -2*y + 2*x + 18, 6 + o = 2*y + 3*x. Suppose 0 = y*i - 13*i + 1220. Is i composite?
True
Let y = -3137 - -14440. Is y prime?
False
Let k be 1 - (-1)/1 - 4. Let n be (-1)/(-2) + k + 174/4. Is n/28*538/3 a prime number?
True
Let x = 21 + -19. Suppose 48616 = 4*p - 4*t, 3*p - x*t - 33496 = 2963. Is p prime?
False
Let h = -59014 - -86603. Is h composite?
True
Let m be 18/4 - (7/(-14) - 1). Suppose -111890 = -m*y - 24776. Is y composite?
False
Let f = -197076 - -343639. Is f a composite number?
False
Suppose -u = 0, -4*z = -3*u - 696 + 144. Suppose 8846 = 8*i - z. Is i a composite number?
False
Let k = 4714 - 2761. Let u = k + 1112. Is u prime?
False
Let f = -3241 + 3248. Let o = 6111 + -2470. Suppose o = f*p + 148. Is p composite?
False
Suppose 18*b - 604199 - 13399 = 0. Is b composite?
True
Let t(h) be the third derivative of -h**6/120 + h**5/30 + 5*h**4/12 - h**3 + 5*h**2. Let o be t(4). Let x = 137 + o. Is x composite?
False
Let x(k) = -1. Let d(z) = 1708*z - 119. Let m(n) = -d(n) + 2*x(n). Is m(-5) a composite number?
True
Let w(f) = 11 + 3*f + 21 - 5. Let t be w(-8). Let p = t + 12. Is p a composite number?
True
Suppose 58028 = -7*d + 9*d. Suppose -25*j = -d - 77436. Is j composite?
True
Suppose -2598981 = -39*l - 18390. Is l a composite number?
False
Let h be 2/(-1)*5/4*-2. Suppose -h*a + 125 = 4*z, 5*z - 2*z + 3*a - 96 = 0. Suppose 32*b = z*b - 4689. Is b prime?
False
Let o(x) = -10886*x - 1330. Is o(-4) composite?
True
Let z(w) = 16*w**2 + 47*w + 16. Let t(k) = k**2 + 33*k + 45. Let i be t(-31). Is z(i) prime?
False
Let o(v) = -62*v + 14845. Is o(0) prime?
False
Suppose -96 = -5*u + 3*l, 62 = 4*u - 2*l + 7*l. Is 1 - 9/(u/(-8)) - -1558 composite?
True
Let l be -8 - ((-6)/(-21) + 12/(-42)). Let g = l + 4. Is 2354/4 + 6/g a composite number?
False
Suppose 4*a - 5*x = 19112, -447*a - 2*x - 4775 = -448*a. Is a a composite number?
False
Is 73815 + (-54)/144 + 70/16 a prime number?
True
Suppose 0*h - 15 = 3*h. Let d(m) = 4 - 32*m - 95*m + 88*m - 38*m. Is d(h) prime?
True
Is 4 - (-894)/(-12)*-1422 composite?
False
Let p(u) = 665 + 665 - 7491*u - 1326. Is p(-1) a prime number?
False
Is ((-228567)/305)/(6/(-710)) a prime number?
False
Let v be ((-70)/42)/((-10)/36). Is (v/(2 + 22))/((-1)/(-33244)) composite?
False
Let a(p) = -2916*p - 1397. Is a(-25) a composite number?
False
Let b be 12/2*(-1)/2. Let c be ((-6)/(-2) - b) + (0 - -3). Suppose -c*r = -820 - 1187. Is r composite?
False
Is (-328)/123 + ((-876012)/(-9) - 5) a composite number?
False
Let c = -2723 - -6505. Suppose c + 3082 = 4*g. Suppose 3*j - g = 1737. Is j a composite number?
False
Suppose 0*o + 4*o - 705179 = 1371593. Is o prime?
True
Let o(j) = 20*j - 6. Let y be o(-1). Let r = y + 45. Suppose 0 = -21*w + r*w + 786. Is w composite?
True
Let n(z) = 27*z**2 - 104*z + 209. Is n(-36) prime?
False
Is (-8)/(-14) + 90/14 + 74250 a composite number?
False
Let v = -460 + 917. Suppose -3*g - 5 - 13 = -5*m, -3*g + 6 = 3*m. Suppose 0 = -4*x - m*l + 1034, -5*x + 832 + v = 2*l. Is x a composite number?
False
Suppose -4*w - 51758 = -3*r + 69263, 0 = r + w - 40345. Is r prime?
True
Suppose -3*r + 1174380 = 6*k, 18*k - 13*k - 978645 = -5*r. Is k a prime number?
True
Suppose 4*i = 29*v - 28*v - 140849, -4*i = -2*v + 281694. Suppose -v = -5*j - h, 0*j + 4*j - 112676 = 5*h. Is j a composite number?
True
Let c(b) = 337916*b + 315. Is c(4) prime?
True
Let o = 15 - 6. Let y be (16/264*-234)/((-4)/22). Let a = o + y. Is a composite?
True
Let n = 1140412 + -719561. Is n a prime number?
True
Suppose 10*t + 13620 = 16*t. Suppose 0 = -5*u + 5*o + t, 2*u - 87 - 821 = -4*o. Is 4/8 - u*(-19)/4 prime?
False
Let m = 1780 + -2913. Let f = m + 5666. Is f prime?
False
Suppose 170*d - 49909 = 169*d + 3*u, 4 = -4*u. Is d a prime number?
False
Let y = 36 - 34. Suppose s - 7 = y*x + 12, -5*x - 52 = -s. Let t(l) = -7*l + 8. Is t(x) a prime number?
False
Is ((-24)/(-14) + 4/14)/((-16)/(-268568)) a prime number?
False
Let s = 2 - 0. Let l(w) = -25*w + 452. Let z be l(18). Suppose -s*c = z*i - 3*i - 790, 3*c = -i + 1195. Is c prime?
True
Let v(r) = 4*r**2 + 2*r - r**3 - r - 5 + 5*r. Let x be v(5). Suppose x = 3*g - 72 - 21. Is g prime?
True
Let m be (-31)/(-3)*54/9. Let k = -58 + m. Suppose k*l - 3*p = l + 9903, -2*p - 16499 = -5*l. Is l a prime number?
True
Let s = -10 + 13. Suppose -s*j + 2*j = 5*p - 355, 0 = -5*j + 2*p + 1856. Is j - ((-1)/5 + (-40)/50) a prime number?
False
Let h(m) = -280*m**3 + 7*m**2 + 17*m - 25. Is h(-5) composite?
True
Suppose 8*a - 19133 = 11795. Suppose -4*g + a = 102. Is g composite?
False
Suppose -13*z = -9*z + 732. Let x = z + 1840. Is x prime?
True
Let a = 180 - 163. Suppose 0 = a*p - 14*p - 2199. Is p a composite number?
False
Is (13 - (11 + 9)) + 114378 a composite number?
False
Suppose 46*x = 11 + 1093. Suppose -x*s = 6*s - 850470. Is s a prime number?
True
Let k(y) = 508*y**2 + 10*y + 6. Let i be k(-7). Suppose -i = -43*h + 4111. Is h prime?
True
Suppose -11 = -2*q - 3*x + 3, 0 = 2*x - 4. Suppose 7*i + 31 = 3*m + 2*i, -q*m + 5*i + 33 = 0. Is (-4)/m - (-19 - (0 - -2)) composite?
False
Let c(n) = -1471*n**2 - 7*n + 12. Let x(z) = 3 + 9*z - 7*z - 368*z**2 + 0*z - 4*z. Let u(o) = 2*c(o) - 9*x(o). Is u(1) composite?
True
Suppose -5*u + 272651 = 5*s - u, 2*s - u = 109037. Is s a prime number?
False
Suppose 24 = -13*l + 9*l. Let f(c) = 2*c + 16. Let w be f